culate (7 - (-1 - -3)) + -6 - -15 - 2.
12
Calculate 2 + -10 + 5 + 10 - (-22 - -14).
15
What is -32 + (-41 - -72) - (-31 - -1)?
29
-328 - -321 - (-2 - 18)
13
-467 + 444 - (-34 - 0)
11
19 + 0 + 8 + (-4 - 13 - -6)
16
Evaluate 11 + (-1 - 13) + 16.
13
Evaluate -2 + -8 + (-67 - -30) + 19 + -7.
-35
What is 21 - 1 - (46 - 35)?
9
Calculate (-4 + 14 + 2 - (-13 + 28)) + 4.
1
What is 39 - (7 + -4 + 14)?
22
(-8 - (16 + -14 - (4 + 2))) + -2
-6
What is 35 + -14 + 6 + -43?
-16
What is the value of -4 - (-8 - (-9 + -6 + 14))?
3
-40 + 37 + 0 + -2 - (-3 - 1)
-1
Evaluate 18 - (29 + -13 + 2).
0
-4 + 10 + (-43 - -55)
18
-1 + -10 + (1 - (-3 + 6))
-13
(-29 - -16) + -4 + 3 + 5
-9
-8 - (-29 + 1 + 0 - (36 - 44))
12
What is the value of 4 - (-1 + (-5 - -48)) - (4 + -13)?
-29
Calculate 22 - (-5 - -19) - ((-1 - 2) + -1).
12
What is the value of -15 - (-2 + 9 - (-20 - -24))?
-18
What is the value of (-6 - -1) + 4 + (0 - -6 - 1)?
4
What is 48 + -28 + (-4 - -6)?
22
2 - 6 - (14 - 9)
-9
What is (2 - 6) + (7 - 11 - (-1 + -4))?
-3
(412 - 416) + 0 + -10 + 2
-12
Calculate 0 + (54 - 25) - 36.
-7
Calculate (36 - (-11 - -16)) + -13.
18
(-269 - -275) + (-1 - 5) - -15
15
What is the value of (-9 + 45 - 3) + -27?
6
What is -26 - (19 + (-47 - -18))?
-16
What is -2 + (12 - 14) + -9 + -2 + 1?
-14
What is 2 - 3 - (-6 - (1 + -3 - 6))?
-3
What is (2 - (-4 - (-1 + -7))) + -4?
-6
What is 1 - 3 - -7 - (4 + 8 + -11)?
4
What is the value of 16 - (-7 - -8) - (-5 + 11)?
9
Evaluate -2 - -6 - (-20 + 16 - (2 - 5)).
5
What is -7 - (-2 - (-7 - -2))?
-10
10 - 23 - -9 - -5
1
(2 - -5) + 25 + -21
11
(-34 - (23 + -47)) + 23 + 1
14
What is 4 + (5 - (6 + -4 - -9)) - 5?
-7
Calculate 13 - (-3 - 4) - 9.
11
-11 + (-11 - (-5 + -1 - 15))
-1
Calculate -11 + (32 - 13) - 16 - -1.
-7
What is -2 + -8 + (12 - (5 - -5)) + 4?
-4
What is the value of (-1 - -2) + 22 + (-56 - (10 + -34))?
-9
What is the value of 12 - (12 + -7 - 18) - 13?
12
Calculate -13 + (0 + 20 - -10) + -3.
14
-8 + 6 + 10 + -10 + 15
13
What is the value of 6 - -3 - (-19 - -24) - (-4 + -2)?
10
Evaluate (1 - 1 - (-25 + 35)) + 1 + 31.
22
What is the value of (-4 + -3 + 3 + -2 - -7) + -4?
-3
What is the value of (2 - (-2 + -2)) + -20 + 17 + -8?
-5
33 - -1 - (652 - 599)
-19
-19 + 35 + 7 - 40
-17
Calculate -286 + 292 - (2 - (1 + 6)).
11
What is 1 - -8 - 15 - (22 - (-8 + 16))?
-20
What is the value of 11 - (2 + -13 - -10)?
12
-6 + 22 + -10 + -7 + 7 + 0
6
What is -7 + -3 + 1 + (31 - 26) - -3?
-1
Calculate -2 - -23 - (131 + -122).
12
What is the value of (2 - -11) + (-18 - (-6 + 13))?
-12
Calculate (25 + -14 - 6) + (1 - -2).
8
Calculate 6 + (12 - 25 - -9).
2
Calculate -199 - -214 - (-1 + 27).
-11
Calculate -8 - (-21 - (37 + -21)).
29
-5 + -6 - (15 - 20)
-6
(1 - (-9 + 12 + -11)) + 5
14
Evaluate -6 + (-13 - -22) + -6 + -2.
-5
What is the value of 7 - (12 - (-10 + 11)) - -5?
1
What is the value of 2 + 7 - 0 - 9 - 7?
-7
Calculate 0 + (2 - -7) - (-318 + 315).
12
What is 20 + (53 - 74) + 0 + 14?
13
What is 14 - (34 + -11 - -1)?
-10
Calculate 0 - ((-4 - 10) + -9).
23
Evaluate (-6 + 1 + -1 - 1) + (776 - 758).
11
Evaluate (-51 - -26) + -1 - -2.
-24
Evaluate (6 + -14 - -27) + -42.
-23
What is the value of (-25 - (-8 + -6)) + 11 - -19?
19
What is 1 - (8 + 3 + 26 + -25)?
-11
What is (-135 - -158) + (-1 - 2 - 3)?
17
-8 + -1 + (-27 + 61 - (6 + 0))
19
Evaluate 1 + -5 + 7 + -7.
-4
What is (51 + -15 - 2) + -13 + 4?
25
Evaluate (-1 - (-10 + 0)) + (-1943 - -1959).
25
Evaluate 4 - 0 - (25 + -14).
-7
Calculate 14 + -3 + (50 - 79).
-18
Calculate (0 - (3 + -1)) + -15 + 5 + 25.
13
What is the value of (-2 - -1) + (1 - -1) + -4336 + 4324?
-11
-6 - ((-2 + 6 - (-9 + 12)) + -6)
-1
Calculate 1 - -35 - (-1016 + 1036).
16
Evaluate -16 + (-9 + 14 - 0).
-11
What is the value of (16 - 53) + (4 - (-4 - -5) - -2)?
-32
Evaluate 1 + -1 + -22 + 1 - (-12 + 9).
-18
Calculate 9 + -6 + -5 + -1 + -12.
-15
What is 5 + (-1 - 1) - (7 + 0 + 9)?
-13
What is (2 - (-1 + 1 - 8)) + (-1454 - -1459)?
15
What is the value of ((-13 - -28) + -10 - -8) + -22?
-9
8 + 5 + (17 - 1)
29
Evaluate -11 + 10 + 4 - (-2 + -7).
12
Evaluate 65 + -59 - (0 - 0 - 1 - 5).
12
What is (13 + -30 - -29) + 24 - 4?
32
What is 15 + -14 - 10 - -4 - -10?
5
11 + (-18 - (9 + -19))
3
What is (-10 - -12) + 10 - 19 - 10?
-17
-55 + 85 + (-6 - 9)
15
What is the value of -3 + 8 + 9 - 3?
11
Calculate 30 + (-44 - -80) + -102.
-36
Evaluate 5 + -1 + (-11 - (-1 - (3 + 31))).
28
What is (-12 - 1) + (324 - 313)?
-2
What is 3 + -3 - (-3 + 5 + 0 - -7)?
-9
What is the value of -7 - -5 - -7 - (-20 - -32)?
-7
What is the value of (-2 - 17 - (3 + -6)) + (104 - 97)?
-9
What is the value of 14 + (-10 - -12) + -12?
4
Calculate 47 + -3 + (-11 - 3) - 16.
14
Calculate (-18 + 9 - 2) + (-1 - -13).
1
Evaluate 1 - -14 - 39 - -11.
-13
Calculate 21 + (11 - (-9 - (-37 - -6))).
10
What is 15 + -27 + -3 + (2 - -3) + -8?
-18
Calculate 8 + (1 - 1) - (-142 - -147).
3
Calculate 15 + (-4 - -7 - (-7 - -14)).
11
What is the value of 5 + (4 + 1 - 34)?
-24
Evaluate -2 + -16 - -30 - 11.
1
What is (-9 - -2 - 4) + -3 + 21?
7
Calculate (1 + -2 - -4 - 13) + 7 + -9.
-12
0 + 6 + -4 - (7 + 2 + -2)
-5
What is the value of (-21 - -18) + 8 + 3?
8
Calculate -15 + 3 + 4 - (0 + -9).
1
Evaluate (22 - 21) + (2 - (13 - 4)).
-6
Evaluate (3 - (-4 + 6)) + 2 + (5 - 9).
-1
What is 1 + (-15 + 31 - 26) + (1 - 5)?
-13
Calculate -20 - -3 - (193 - 215).
5
What is -19 + -18 + 42 - -9?
14
What is the value of 7 - 2 - (14 - 6 - 2)?
-1
Calculate (36 - 31) + (8 - (-4 - -3)).
14
What is the value of 8 + -7 + (2 - 3) + -14 - -5?
-9
What is the value of -4 + (9 - -7) - ((6 - 3) + 2)?
7
What is the value of 4 - -3 - (-4 + 3 + 14 + -5)?
-1
1274 + -1328 - (-41 + -1)
-12
Evaluate 2 + 18 + -43 + 16.
-7
18 + (5 - 20 - 21)
-18
What is -16 - 10 - -27 - (-1 - -5)?
-3
What is -7 + (0 - (4 + (-1 + 1 - -5)))?
-16
What is (2 + 13 + -21 - 0) + -17?
-23
Evaluate (5 - 2) + 4 + (14 - 16).
5
Evaluate -2 - 6 - (0 + 0 + -1 - 0).
-7
What is -17 - (-58 + 17 + 8)?
16
Evaluate 23 - (6 - -11) - 12.
-6
What is (-5 + 23 - 12) + (-16 - -2) - -7?
-1
What is the value of -13 - (44 - 12) - -44?
-1
Evaluate -15 - -6 - (5 + (8 - 6) + -4).
-12
Calculate -1 + 16 + -10 - 5.
0
4 + (3 - (0 + (-20 - -9))) - 6
12
Evaluate 2 + 8 + -8 + 5 + -4.
3
Calculate 6 + -10 + (-4 + -3 - -10) - 7.
-8
What is the value of (24 - -5 - 5) + (-5 - 16) + 14?
17
What is the value of (-6 - -15) + -28 + 8 + 7?
-4
What is 102 - 107 - (10 - 2)?
-13
Evaluate -4 + 3 + 20 - (4 + -2 + -1).
18
Calculate (-5 - (-10 + 1)) + -7.
-3
Evaluate -1 - (2 - (1 + -3 - 4)) - -3.
-6
Calculate 2 - -5 - (-7 - -12) - -16.
18
33 + (6 - 35 - -12 - 2)
14
0 + -27 + 9 - -13
-5
-11 + (-5 + 1 - -3) + -7
-19
What is 26 + -24 - (4 - 8 - -19)?
-13
What is the value of 110 + -113 - (6 - -1)?
-10
Calculate (0 - 2) + 4 + -2 + 12 + -34.
-22
Calculate -12 + (27 - (-4 - -14)) + 0.
5
5 - (17 + -6 - -4)
-10
Evaluate -12 - (-2 - -4) - -10.
-4
Calculate 3 - -8 - (-5 - (1 - 1 - 6)).
10
-7 + 0 + (1446 - 1470)
-31
Calculate -2 + (-19 + -15 + 14 - (-4 - -2)).
-20
Evaluate -12 + 6 - -7 - 11.
-10
What is 26 + (-6 + -10 - 0)?
10
What is the value of 15 - (-7 - -23 - -7)?
-8
What is the value of -1 - (-11 - (13 - 17))?
6
What is the value of -14 - -3 - (-3 - (1 - -6))?
-1
Evaluate 19 + -13 - (2 - 4 - -18).
-10
(2 - (1 - 12)) + 0 + -7 - 3
3
(-1 - 5) + (181 - 162) + 7
20
Calculate -9 + 1 + (9 - 1 - (71 - 66)).
-5
What is the value of 8 + -16 + 4 + -3 + 17 - 10?
0
Calculate -7 + (-4 - 18) - -15.
-14
What is the value of -36 - (-34 + 12 + 2 + 1)?
-17
Calculate 2 + (-18 - (-55 + -9)) + (0 - 11).
37
Calculate -19 + 13 + (-3 - -6) + 1.
-2
Evaluate (2 - -2) + 3 + 3.
10
Calculate -1 + 11 + -16 - 4.
-10
What is the value of (12 - -5) + -36 - -4?
-15
What is -2 - -6 - (-1 + 6 + 0 - -12)?
-13
10 + (-22 - -22) + (-2 - (-10 + 2))
16
Evaluate -8 - (-14 + -16 + 17).
5
Calculate 3 + 7 - 5 - (-3 - (4 + -3)).
9
Calculate (-18 + -3 - -7) + -1 + 6 + -3.
-12
What is -14 + -1 + (23 - (116 - 84))?
-24
19 - (-9 - 8) - 14 - 9
13
-3 - (27 + -14) - -27
11
Evaluate -4 - (-23 + 3 + 2).
14
Calculate -10 + 2 + 10 + (15 - 7).
10
Evaluate -12 + 6 + (26 - 0).
20
Evaluate -1233 - -1251 - (2 + -1 + 43).
-26
-25 - (-3 - -11) - (-14 + 6 + 5)
-30
Evaluate 1 + -24 + (8 - ((-8 - 3) + 17)).
-21
0 - 0 - 0 - (2102 - 2108)
6
What is the value of (3 - 3) + 5 - (73 - 73)?
5
83 + (-1